visor of b and 3.
3
Suppose -5*i + 35 = -5*j - 2*i, -2*j = 3*i - 7. Let w = j - -4. Let n be (-3 - 0)*(-1 - w). Calculate the greatest common factor of n and 3.
3
Let s be 0/(2 - 4 - -3). Let r = 1 - s. Let i be r/2 + (-79)/(-2). What is the highest common factor of 60 and i?
20
Suppose 0*o + o = 3. Let m(q) = -q**2 + 6*q - 6. Let g be m(5). Let z = g + o. Calculate the greatest common factor of 6 and z.
2
Let r(x) = x**3 - 5*x**2 + 4*x + 5. Let z be r(5). Suppose -2 - 2 = -t. Suppose -t*g + z = g. What is the highest common factor of g and 40?
5
Suppose 85 = 3*f + 43. Calculate the greatest common factor of f and 154.
14
Suppose d - 5 = 11. What is the greatest common divisor of 112 and d?
16
Let d(m) = -m - 1. Suppose -3*q - 2*x - 1 = 2*x, 0 = 5*q + 3*x + 20. Let j be d(q). What is the greatest common divisor of j and 6?
6
Suppose 4*x - 6 = x, 3*x + 6 = a. Suppose -6*z + 15 = -z. Calculate the highest common factor of a and z.
3
Let c(d) = 2*d - 2. Let v be c(5). Let p be v/(-20) - (-328)/20. Calculate the highest common divisor of p and 2.
2
Let y(n) = n - 2. Let o be y(8). Let i be (-4)/o*-36 - 2. Calculate the highest common factor of i and 55.
11
Let r = 15 - 45. Let b = -6 - r. What is the highest common factor of 6 and b?
6
Suppose 4*r - k = 3 + 4, -3*r + 10 = 4*k. Let a = r - 0. Suppose -q + 5 = a. Calculate the highest common divisor of 21 and q.
3
Suppose -f + 46 = 5*t, 3*t = -2*f + 6*t + 27. Let v = 238 + -70. Calculate the greatest common factor of f and v.
21
Suppose -5*j + 371 = -249. Suppose 4*r - j = -4*v, 2*r - 109 = -2*r + v. What is the highest common divisor of 112 and r?
28
Suppose 0 = -3*x + 2 + 1. Let b be 4*-2*1/(-2). Suppose -4*c = 5*d - 3 - 2, -4*c - b = -4*d. Calculate the highest common factor of x and d.
1
Let q(o) = o**3 - 7*o**2 - 7*o + 11. Let u be q(9). What is the greatest common factor of 22 and u?
22
Let f = -18 - -69. Let y = f + -16. Let b be (-3)/(36/(-10) - -3). Calculate the greatest common factor of b and y.
5
Let v(d) = 90*d**2 - 3*d + 8*d - 6*d. Let q be v(-1). Calculate the highest common factor of 13 and q.
13
Let f = 9 - -6. Let a(u) = 10*u**2 - 2*u - 2. Suppose -4*d - 20 = -9*d. Let n be a(d). Calculate the highest common factor of n and f.
15
Let t = 6 + -1. Let s be (1/(-2))/((-4)/56). Suppose 0 = v - 2*b, 0 = -3*b + s - 4. What is the greatest common divisor of v and t?
1
Suppose 0 = 4*m - 7*m - 282. Let k = -37 - m. Suppose -71 - 5 = -2*v. What is the highest common factor of v and k?
19
Let o be 33/55 - 114/(-10)*1. Suppose 5*j + g - 415 = 0, 3*j = 2*g + 157 + 105. What is the highest common divisor of o and j?
12
Let r(s) = -s**2 + 6*s + 2. Suppose 4 = -2*p - 4*b - 0*b, 14 = 2*p - 2*b. Let o be r(p). What is the highest common divisor of 70 and o?
10
Suppose -4*z + 7*z - 153 = -5*a, 2*z = -2*a + 58. Calculate the greatest common factor of a and 66.
33
Let o(v) = 109*v**3 + 2*v - 1. Let i be o(1). Calculate the highest common factor of i and 10.
10
Suppose -54 = n - 2*n. Let y be (-2)/5 - (-96)/15. What is the highest common factor of n and y?
6
Let f(j) = 3 + 3*j**2 - 4 + 6*j - 10 + 5. Let l be f(4). What is the highest common factor of 6 and l?
6
Suppose 6*g - g + 15 = 5*c, -c + 4*g = 6. What is the highest common factor of 2 and c?
2
Suppose -15*c - 25 = -20*c. What is the greatest common divisor of 45 and c?
5
Suppose 11*d = -0*d + 77. What is the greatest common factor of d and 105?
7
Let o(g) = 5*g - 40. Let n be o(9). What is the highest common factor of n and 45?
5
Suppose z - 5*z - 9 = -3*b, 0 = 4*b + 3*z - 37. Let r = 18 - b. Suppose 4 = -l - 5*m + 5, 4*m - 3 = -l. What is the greatest common factor of l and r?
11
Let f(v) = v + 9. Let l be f(0). Let z be (27/3)/(3/9*1). What is the highest common divisor of z and l?
9
Let n(q) = -q**3 - 9*q**2 - q - 9. Let r be n(-9). Suppose -4*b = -32 - r. Calculate the greatest common factor of b and 4.
4
Suppose 198 + 61 = 5*v - 4*u, 3*u = -5*v + 252. Calculate the highest common factor of 17 and v.
17
Suppose 6 = 3*a - 6. Calculate the greatest common divisor of 2 and a.
2
Let n = 5 + 3. What is the highest common divisor of 8 and n?
8
Suppose -l + 0*m + 6 = 2*m, -3*l - 3*m + 9 = 0. Suppose l = -3*s + 4*s - 4. Suppose -s = -4*h + 116. What is the highest common factor of h and 6?
6
Let n(q) = -q**3 + q**2 - q - 2. Let u be n(2). Let l be (114/u)/(1/(-4)). Let v be 580/15 + (-12)/18. Calculate the greatest common factor of v and l.
19
Suppose -x = 4*l - 20, 0*x + 5*x - 12 = 2*l. Suppose -2*z - 2*i = -0*i + 6, -17 = x*z + 5*i. What is the greatest common divisor of z and 8?
2
Suppose j = 3, 2*z - j + 147 = 5*z. Let i(n) = -32*n**3 - 2*n - 1. Let t be i(-1). Let w = t + -1. What is the greatest common divisor of z and w?
16
Let z be (36/7)/(3 - (-76)/(-28)). What is the highest common factor of 2 and z?
2
Suppose 0 = -108*o + 106*o + 26. Calculate the greatest common factor of o and 65.
13
Suppose 7*w - 77 = -4*w. What is the greatest common divisor of w and 7?
7
Suppose -4*z + 2*k + 18 = 0, 0 = 3*z - 5*k + 2*k - 21. Let j = -60 + 68. What is the highest common factor of j and z?
2
Suppose -2*p = -o - 6 - 6, 4*p + 3*o = 4. Calculate the greatest common divisor of 8 and p.
4
Suppose -32 = x - 3*x. Let o(s) = 31*s + 3. Let f be o(2). Suppose -r + 63 + f = 0. What is the highest common divisor of r and x?
16
Let l(g) = 14 + 6*g**2 + g**2 + 9*g + 2*g**3 - 3*g**3 + 2*g**2. Let n be l(10). Let q be 34/n - (-2)/(-4). What is the greatest common factor of 64 and q?
8
Suppose -z = -41*z + 800. Let g = -156 - -236. Calculate the greatest common factor of g and z.
20
Suppose 7 = -4*g + 3. Let m = 9 + g. Calculate the greatest common factor of m and 72.
8
Suppose 2*w + 3*s - 12 = s, 5*w - s = 0. Suppose -b = -5*g - 1, 3*b + g + 0*g - 3 = 0. Calculate the greatest common factor of b and w.
1
Suppose -12*l + 3 = -11*l. What is the highest common factor of l and 15?
3
Let u(g) = -5*g**3 + 3*g**2 - g. Let s be u(2). Let p be 3 + -1 - 3*s. Calculate the greatest common factor of p and 23.
23
Suppose -71 = -4*u - s, 3*s + 13 = 2*u - 12. Let c = -4 + u. Suppose 123 = 5*o - 137. Calculate the greatest common divisor of o and c.
13
Let g be -2 - (1*-39 + 0). Suppose -4*m + 3*p - p = -38, -4*m + g = -p. What is the greatest common factor of m and 45?
9
Let z be 6/(-8) - 54/(-8). Let l be (-107)/(-7) + (-6)/21. Calculate the highest common factor of l and z.
3
Suppose 3*d + 9 = 24. Let j = -4 - -2. Let z = j + 4. Calculate the greatest common divisor of d and z.
1
Let n(r) = -r**3 - r**2 + r - 30. Let m be n(0). Let s = m + 45. What is the highest common factor of s and 30?
15
Let h(d) = 40*d - 3. Let j be h(10). Suppose -p = 5*u - j, u - 5*p = -2*u + 255. Calculate the highest common divisor of 32 and u.
16
Let t = -9 + 13. Suppose t*r = 5*x + 15, -2*r = -3*r - 2*x + 7. What is the greatest common divisor of r and 10?
5
Suppose 0 = -0*d + 4*d - 280. Let p(u) = u**3 + 7*u**2 + 2. Let b be p(-7). Suppose -10 = b*m - 38. What is the highest common factor of m and d?
14
Let y(t) = 2*t**3 - 8*t**2 + 5*t - 9. Let s be y(6). Calculate the greatest common factor of s and 15.
15
Let k be (-1)/(-5) + 69/5. Calculate the highest common divisor of 21 and k.
7
Suppose -2*y = -2*z + 5 + 5, -3 = -z + 2*y. Let r(j) = -j**3 + 5*j**2 + 3*j - 1. Let f be r(5). What is the highest common divisor of z and f?
7
Let v(k) = k + 6. Let r be v(-8). Let n be 2*((-6)/4 - r). Suppose n = -4*g + 21. What is the highest common divisor of 10 and g?
5
Let z be (1/(3 - 2))/1. Let x(d) = 102*d**3 - d**2. Let n be x(z). Let s be 4/2*-1 + n. What is the greatest common factor of 11 and s?
11
Let w(m) = -3*m + 68. Let u be w(18). What is the greatest common factor of 42 and u?
14
Let a be (-4)/10 - 66/(-15). Let l = -25 + 56. Suppose a*v + 7 = l. What is the greatest common divisor of v and 24?
6
Let b = -204 - -294. Calculate the greatest common divisor of 10 and b.
10
Let p(z) = -5*z - 10. Let v be p(-7). Let n = 106 - v. Let x = n + -57. Calculate the greatest common divisor of x and 8.
8
Suppose -z - 4*z + 264 = 3*u, 3*z = -3*u + 156. Calculate the greatest common factor of z and 81.
27
Let c(j) = 11 + 44*j**2 - 11. Let t be c(-1). Suppose -3*l - l + t = 0. Calculate the greatest common divisor